are the prime factors of p?
2, 3
Suppose -18 + 22 = -4*q. Let g(y) be the second derivative of 7*y**4/3 - y**3/3 - y**2 + y. List the prime factors of g(q).
2, 7
Suppose 841 - 118 = 3*d. What are the prime factors of d?
241
Let x(z) = -z - 8. Let y be (-146)/(-8) - 1/4. Let d be 39*2*(-3)/y. What are the prime factors of x(d)?
5
Let n(l) = -l - 17. Let j be n(-20). Suppose 7*h + 4*o = j*h + 100, 3*o - 104 = -4*h. What are the prime factors of h?
29
Let g(k) = -k**2 - 7*k + 4. Let j be 3/3 + 0 + -7. Let z be g(j). Let n = z + -3. List the prime factors of n.
7
Suppose 0 = 112*h - 244514 - 31902. List the prime factors of h.
2, 617
Let j = 1 + -6. Let o = j - -10. Suppose -4*f - 21 = -5*g, -5*g + o*f = -7 - 13. List the prime factors of g.
5
Suppose -v - 4*v - 25 = -5*s, 5*v + 25 = -2*s. Let n be (44/66)/((-2)/(-24)). Suppose -i + 2*i - n = s. List the prime factors of i.
2
Suppose -5*h = -3*m - 12, 0 = 2*h + 2*h - 3*m - 9. Suppose -h*x - 55 = -8*x. Suppose 0 = 2*z - 3*y - x, -4*z + 49 - 6 = y. What are the prime factors of z?
2, 5
Suppose -2*a = -299 - 327. List the prime factors of a.
313
Suppose -38 = -2*h - 22. What are the prime factors of h?
2
Let s(v) = 634*v + 1253. List the prime factors of s(6).
13, 389
Suppose 0 = 3*r + r - 128. Suppose 0 = 4*w + 12 - r. Suppose 0 = -w*o + 4*t + 116, 0*o + 3*t - 123 = -5*o. What are the prime factors of o?
2, 3
What are the prime factors of (2 + 164/7)*14?
2, 89
Let w = 437 + -413. What are the prime factors of w?
2, 3
Suppose 2 = 2*a - 4. Suppose 9 = 4*u - a. Suppose u*s + 0*s - 21 = 0. What are the prime factors of s?
7
Let o(p) = p**3 - 7*p**2 - 18*p + 2. Let i be o(9). Suppose r = b + 86, -i*b - 91 = -r - 0*b. List the prime factors of r.
3
Suppose -5 = 5*v - 2*i - 0, -18 = 2*v - 4*i. Let k be (v/(-2))/(2/(-20)). Suppose 4*w + 32 = h, -4*h + 3*h + 5 = k*w. What are the prime factors of h?
2, 5
Let b be -2 - 8*65/(-10). Let y = b - -59. List the prime factors of y.
109
Let d be (-2)/(-3) - 10/(-3). Suppose -l + 5*x = -67, -d*x + 54 = l - 58. List the prime factors of l.
2, 23
Suppose -110 = -6*s + 34. Suppose 3*n = 180 - s. List the prime factors of n.
2, 13
Suppose 0 = 10*j - 25940 + 3940. What are the prime factors of j?
2, 5, 11
Let j(q) = q**2 - 22. Let p be j(10). Suppose -4*r + 0*r + 312 = 5*l, 0 = r + l - p. List the prime factors of r.
2, 3, 13
What are the prime factors of ((-10722)/4)/((-60)/40)?
1787
Let n(a) = -2*a**3 + 6*a**2 - 1. Let g be n(5). Let o = g - -143. List the prime factors of o.
2, 3, 7
Let h(q) = 6 + 4*q**2 - 5*q - 3*q**2 - 2*q + 3*q. Let o be h(3). Suppose -2*a + 144 = o*t, -t + 135 = 2*t - a. What are the prime factors of t?
2, 23
Let w(k) = 23*k + 19. Let p(y) = -66*y - 18*y + 35*y - 77*y - 105. Let v(q) = -5*p(q) - 28*w(q). List the prime factors of v(-4).
7
Let j be (3/((-18)/8))/(-2)*288. Suppose 0 = -2*g + j - 10. List the prime factors of g.
7, 13
List the prime factors of 125 - (-2 - (-3 + -3)).
11
Suppose -t - t = 14. Let v(h) = h**2 + 6*h - 4. What are the prime factors of v(t)?
3
Let g(b) = -b**2 - 63*b - 22. What are the prime factors of g(-29)?
2, 241
Suppose 0 = 3*q - 4*j + 82, -3*q - q + 2*j - 106 = 0. Let s = 35 + q. Suppose s*k = 7*k + 100. What are the prime factors of k?
2, 5
Let d be 13/6 + (-3)/18. Suppose -4*x + w = -294, -61 = -2*x - d*w + 81. Let g = x + -37. List the prime factors of g.
2, 3
Suppose -5*z - 180 = -2*a, -11*a + 7*a - 4*z = -304. Suppose 4*h + 0*h = -168. Let m = h + a. List the prime factors of m.
2, 19
Let s(h) = 2*h - 3. Let z(c) = 7*c - 2. Let i be z(1). List the prime factors of s(i).
7
Let f(k) = k**3 + 8*k**2 + 8*k - 1. Let q = 19 - 19. Suppose -l + 2*l - 1 = q, 25 = -4*x + l. What are the prime factors of f(x)?
23
Suppose 4*i - 11 = 1. Let n = 37 - i. List the prime factors of n.
2, 17
Let n(i) = i**3 - 6*i**2 - 8*i - 3. Let w be n(7). What are the prime factors of (-75)/4*(w + 6 + 0)?
3, 5
Let s(b) = -1. Let a(p) = 14*p - 77. Let n(x) = a(x) - s(x). What are the prime factors of n(12)?
2, 23
Suppose 12*k = 7*k + 210. Let d = k - -90. What are the prime factors of d?
2, 3, 11
Let u(a) = a**2 - 6*a - 2. Let q be u(3). Let m = q - -13. Suppose 7*t - 15 = m*t. What are the prime factors of t?
3
Let j(l) = l + 12. Let q be j(-8). Suppose 17 - 9 = q*o. Suppose -5*d = 25, -2*d = o*u - 2 - 2. What are the prime factors of u?
7
Let v(u) = 4*u**2 - 6*u + 5. Let p(i) = 5*i**2 - 7*i + 6. Let m(s) = 5*p(s) - 6*v(s). List the prime factors of m(-2).
2
Suppose 0 = 3*g - 5 + 14. Let t be ((-86)/(-4))/(g/(-6)). Let f = t - 20. What are the prime factors of f?
23
Let w(i) = 2*i - 13. Let m be w(9). Suppose -t = -3*a + m, -a = a + t - 10. What are the prime factors of 2 + a*(-33)/(-9)?
13
Let n be (-6)/(-9)*-12*(0 - -1). List the prime factors of 21/14*n/(-6).
2
Let a = -40 - -45. Suppose 4*n - 41 = -p, 2*p + a*n - 2*n = 102. List the prime factors of p.
3, 19
Let c(k) = k**3 - 7*k**2 - 2*k + 17. Let p be c(7). Suppose p*d + 4*g - 26 - 123 = 0, -2 = 2*g. What are the prime factors of d?
3, 17
Let s be 23*-1*-3 - 0/32. Let m = 117 - s. List the prime factors of m.
2, 3
Let p(x) be the third derivative of -x**6/120 - x**4/12 - 2*x**3/3 - 13*x**2. What are the prime factors of p(-4)?
2, 17
Let h(p) = -3*p - 45. Let v be h(-13). List the prime factors of 12/(v/(-108) - (-2 - -2)).
2, 3
Let p(w) = 22*w + 0 - 1 + 0 + 3. Let v be p(-6). Let o = -86 - v. List the prime factors of o.
2, 11
Let y(h) be the second derivative of 3*h + 1/12*h**4 + 0*h**2 + 1/6*h**3 + 0. What are the prime factors of y(-3)?
2, 3
Let u(l) = -l**3 - 3*l**2 - 3*l - 2. Let q = 6 - 9. Let v be u(q). List the prime factors of (-102)/(-7) - (-3)/v.
3, 5
Suppose 0 = 175*t - 162*t - 2782. List the prime factors of t.
2, 107
Let j(s) = 32*s - 287. What are the prime factors of j(40)?
3, 331
Let g = -243 - -2577. What are the prime factors of g?
2, 3, 389
Suppose 0*l = -2*l. Suppose l = -3*g + 127 - 1. Let c = g - 16. What are the prime factors of c?
2, 13
Let u(a) = 0*a - 12*a + 14*a**2 + a**2 + 19 - 17*a**3 + 16*a**3. List the prime factors of u(14).
47
Let t = 120 - 68. Let h = 22 + t. What are the prime factors of h?
2, 37
Let u(c) = -11*c + 10. Let i = -132 - -125. What are the prime factors of u(i)?
3, 29
Suppose 3 = -m + 4*r, 2*m - 2*r - 31 = -m. What are the prime factors of (-92)/(-6)*(m - 10)?
2, 23
Let o be (1472/4)/4 + -4. Suppose 2*w - 26 - o = 0. List the prime factors of w.
3, 19
Let h = -11 - -32. List the prime factors of 14/h*1*6.
2
Suppose -3130 = -5*j + 5*q, -j + 2*q = -3*j + 1264. List the prime factors of j.
17, 37
Let s = -43 - -35. What are the prime factors of 6/s + (-2764)/(-16) + -3?
13
Let p be 22/(-143) + 4814/26. Let a = 333 - p. What are the prime factors of a?
2, 37
Let j(n) = -2*n + 13. Let i be j(6). List the prime factors of (-817)/(-38) + i/2.
2, 11
Suppose 15*l - 6 = 13*l. Let k = 106 + -75. Suppose l*m + b = 88, -k = -0*m - m - 2*b. List the prime factors of m.
29
Let h(t) = t**2 - 6. Let n be h(-3). Suppose -2*z + n*b + 0 = -3, -29 = -z - 4*b. List the prime factors of z.
3
Let q be (4/(-3))/(10/(-120)). Suppose 5 = -5*m, -6*n - 5*m = -n + 45. Let o = q + n. What are the prime factors of o?
2
Let k(g) = 23*g**2 - 4. What are the prime factors of k(6)?
2, 103
Let l = 12 - 2. Let u(n) = -n**3 + 9*n**2 + 14*n - 4. What are the prime factors of u(l)?
2, 3
Suppose 5*t - 1954 = 3*p - 2*p, 2*t + 2*p - 772 = 0. Suppose -9*s + t = -447. What are the prime factors of s?
3, 31
Suppose 7*m = 4*m + 339. Let n = m - 56. List the prime factors of n.
3, 19
Suppose 3*k + 3*m = -96, 5*m + 23 = -2*k - 47. Let a = -21 - k. List the prime factors of a.
3
Let l(v) = -v**3 + 9*v**2 - 11*v - 5. Suppose -21 = -a + x, -a = 4*x - 6*x - 16. Let s = a - 21. List the prime factors of l(s).
2, 5
Suppose -5*k = 3*r, -k + 6*k = -2*r. Let g(c) = 2*c - 4*c + 16 + c - c**2. What are the prime factors of g(r)?
2
Suppose 5*r = -36 + 11, 4*r = 3*i - 4643. List the prime factors of i.
23, 67
Suppose v = -4*v + 525. Suppose -u + v = 2*u. Suppose 2 = f + r - 3*r, -u = -4*f - r. What are the prime factors of f?
2
Suppose -5*b = -6*b - 11. Let k = -17 - b. Let u = k + 16. List the prime factors of u.
2, 5
Let m = -9 - -7. Let g be (m - 3)*(-1 + 3). List the prime factors of (g/(-25))